 62*b**3 + 3*b**2 + 7*b - 20. Let k be x(12). What is the thousands digit of 2/3 + 0 + k/93?
1
Suppose -3*k = -4*x - 52, 4*k + k + 3*x - 48 = 0. Suppose k*u = -u - 39. What is the units digit of (u + 2)*-1*(-198)/(-1)?
8
Suppose -11*o = -37122 - 60228. What is the hundreds digit of o?
8
What is the units digit of 151097/8 + (-110)/880?
7
Let n(x) = -x**3 - 80*x**2 - 1291*x + 22. What is the hundreds digit of n(-58)?
8
Suppose 4*r - 5*i - 5355 = 0, -r - 4*i = -700 - 644. Suppose 2*o + 4*x - 894 = 0, -5*x + r = -3*o + 6*o. What is the hundreds digit of o?
4
Let w(p) = p**3 + 46*p**2 - 56*p - 315. What is the tens digit of w(-47)?
0
Suppose 4582 = 2*o + 150. Suppose -10*t + o = -6*t. What is the tens digit of t?
5
Let a(g) = -64*g - 88*g + 6 - 84 - 12 + 46*g. What is the tens digit of a(-3)?
2
Suppose 5*c + 2 + 5 = -2*l, 0 = -4*c - 2*l - 6. Let g be -4 + 0 + (c - -7). Let k(h) = 18*h**3 - h**2 - 2*h + 1. What is the hundreds digit of k(g)?
1
Suppose 45*b + 943 = 268. Let n(o) = -63*o - 45. What is the tens digit of n(b)?
0
Suppose -2*o + 2 = 0, 2*r - 2*o + 17 = -5. Let t(j) be the second derivative of j**5/20 + 5*j**4/6 - j**3/2 + 14*j**2 - 7*j. What is the units digit of t(r)?
8
Suppose 44*r = -844 + 35956. What is the tens digit of r?
9
Let d(g) = -g + 6. Let h be d(4). Let t = -843 - -846. Suppose t*s - h*o = 47 + 14, 0 = -5*s - 4*o + 65. What is the tens digit of s?
1
Suppose 4*u - 636 = -7*w + 4*w, 0 = 2*u - 5*w - 318. Let x = u + -436. What is the tens digit of (-2 + x)/(-3) - 4?
8
Suppose -4*b - 3*s = 3, -4*b + 2*s + 0 = -2. Let u be b/(-1 + 2 + -3). Let w(a) = -a + 85. What is the tens digit of w(u)?
8
Suppose -62840 = 95*m - 100*m + 5*a, -25142 = -2*m + 4*a. What is the tens digit of m?
6
Let x be ((-30)/(-8))/((-3)/80*-2). Let z = x - -38. Suppose 5*j - z = 3*j. What is the tens digit of j?
4
Suppose -2824 = -12*o + 48560. What is the hundreds digit of o?
2
Suppose 2*l = q - 3002, 3*q + 15*l - 9003 = 18*l. Suppose -4*d - 4*d = -q. What is the units digit of d?
5
Let x be 178/5 + (-2)/(-5). Suppose x = -4*g - 2*o, -o + 12 = 3*g + 38. Let q(l) = 3*l**2 - l - 3. What is the tens digit of q(g)?
9
Suppose -2*p - 160 = -10*p. What is the tens digit of (p/(-24)*-26)/(3/9)?
6
Suppose 2*a + 336042 = 6*l, -4*a + 39807 + 128184 = 3*l. What is the ten thousands digit of l?
5
Let j(p) = 13*p**2 - 3*p - 8. Let s be j(4). Suppose -14*l + 218 + s = 0. What is the units digit of l?
9
Suppose -538721 + 33200 = -24*r - 3*r. What is the ten thousands digit of r?
1
Let p be (-3944)/52 + 10/(-65). Let r = p + 85. Suppose 0 = -r*v + 1900 - 460. What is the units digit of v?
0
Suppose 23 = -n + 23. Suppose 4*o + 3*o - 1666 = n. What is the hundreds digit of o?
2
Suppose 118*w + 112*w + 680284 = 252*w. What is the ten thousands digit of w?
3
Suppose -3*g = -3*z - 9, 11*g = 14*g - 15. What is the tens digit of -22*z*2/(-8)?
1
Let v = 42 + -37. Suppose 4*h - 3*u = 2326, -2*h + v*u = -3*h + 593. Suppose 35 - h = -4*l. What is the tens digit of l?
3
What is the tens digit of 1111/202*(-11248)/(-44)?
0
Suppose -2*f - w + 10 = -2*w, -f + 2 = w. Suppose 0 = -4*u + 3*a + 1059, 5*u + f*a = u + 1052. What is the units digit of u?
4
Let h(n) = -n**3 + 4*n**2 + 3*n + 6. Let u be h(4). Suppose 9*m + u = 15*m. Suppose -8*o + 59 = 3*r - 3*o, -m*r + 3*o = -51. What is the tens digit of r?
1
Suppose j - 115 = -4*f, -4*j + j + 5*f = -430. Suppose 9*i - 4*i = j. Let h = 47 - i. What is the units digit of h?
0
Suppose 5*p = -3*m - 0*p + 4272, 3*m - 4272 = -3*p. Let f = m - 865. Suppose -25 = 5*d, -3*z + 0*d - d + f = 0. What is the hundreds digit of z?
1
Suppose -2*m - 6*k + 15572 = -2*k, -2*m = -5*k - 15590. Suppose -23*h = -m - 17119. What is the thousands digit of h?
1
What is the units digit of 2/8 - 114893/(-76) - -6?
8
Suppose 8*r + 255 = 3*r. Suppose h - 50 = 3*j, -h - 7*j + 40 = -12*j. Let l = r + h. What is the tens digit of l?
1
Suppose 3*s = 2*s + 2*p + 32, 5*s = 5*p + 150. Let q(o) = o**3 - 27*o**2 - 19*o + 78. What is the units digit of q(s)?
0
Suppose -11*f + 7*f + 48 = 0. Let h be 3/f + (-91)/28. What is the hundreds digit of h + (129 - (-5)/(10/4))?
1
Let x(s) be the third derivative of -493*s**6/120 + s**5/60 + s**4/6 + s**3/2 - 16*s**2 + 2*s. What is the hundreds digit of x(-1)?
4
Let u be (-2 + -2)*(8 - 36) - -1. Let t = u - -234. What is the hundreds digit of t?
3
Let x(p) = 8*p**2 + 69*p - 455. Let t(y) = 6*y**2 + 46*y - 303. Let s(z) = 7*t(z) - 5*x(z). What is the units digit of s(13)?
3
Let m = 2637 + 4138. What is the hundreds digit of m?
7
Suppose -6456 = -6*o + 14*o. Let b = 1185 + o. What is the hundreds digit of b?
3
Let u(a) = -a**3 - 16*a**2 - 13*a + 30. Let y be u(-15). Suppose y = 14*b - 8*b - 4740. What is the tens digit of b?
9
Let w(a) = 10*a - 232. Let i be 285/45*(-3 - 3)*-1. What is the tens digit of w(i)?
4
Let m = -8 + 8. Let s be 5 - (3 - 0) - m. Suppose 3*o + s*o + 5*d - 1305 = 0, 3*o + 5*d - 791 = 0. What is the tens digit of o?
5
Let r(z) = 8*z**2 + 9*z - 83. Let j be r(21). Suppose 5*c - 741 - j = 0. What is the units digit of c?
5
What is the tens digit of (-1 - 63/(-69)) + 44773470/690?
8
Suppose -98493 = -48*r + 109539. Let t = r - 3021. What is the units digit of t?
3
Let q be 4/(-20) - 48/(-15). Let m be 1 - (-3 + q - 443). Suppose -5*d = d - m. What is the tens digit of d?
7
Let y = -4 - 1. Let p = -50 - -66. Let u = y + p. What is the units digit of u?
1
Suppose 5*j = -l + 142858, 119*j + 2*l = 121*j - 57148. What is the tens digit of j?
7
Suppose 11017 = -20*h - 3103. Let p = h + 1719. What is the units digit of p?
3
Let x = 161 + -162. What is the units digit of (-15 - -79) + (x - (1 + 0))?
2
What is the hundreds digit of ((-209)/33 + 7)*12 + 19444?
4
Let s = 1239 - 598. Suppose -3*n = -3*o + 2*o + 640, s = o - 4*n. What is the tens digit of o?
3
Let q(k) = -k**2 + 17*k + 26. Let r be -75*(-11)/((-275)/(-20)). Suppose 0*w + 4*w - r = 0. What is the units digit of q(w)?
6
Let i be ((-77)/(-66) - 1/6)*-15. Let d(g) = -g**2 - 14*g + 30. Let q be d(i). Suppose q*f = 85 + 1505. What is the tens digit of f?
0
Let q(u) = -u**2 - 4 + 7 + 9 - 39*u - 36*u + 67*u. Suppose -10 = 4*w + 10. What is the tens digit of q(w)?
2
Let g be (2 + 0 + -3)/((-2)/(-10)). What is the tens digit of 193*(2 + 4 + g)?
9
Let t = -12515 + 18932. What is the thousands digit of t?
6
Let p = 188 - 128. Suppose -p*u - 1392 = -64*u. What is the units digit of u?
8
Let z(v) = 40*v**2 - 28*v - 92. What is the units digit of z(-15)?
8
Suppose 32*j = 48833 + 6879. Suppose -397 = 4*d - j. What is the hundreds digit of d?
3
Suppose 2 = -3*k - 7. Let v = 3 + k. Let p = 158 - v. What is the units digit of p?
8
Let l be (-6)/(-96)*8*1694. Let w = l + -73. What is the units digit of w?
4
Suppose -m - 2*g = -35800, 19*m + 250492 = 26*m - 4*g. What is the thousands digit of m?
5
Suppose 3*f - 2*f = -0*f. Let g(w) = -w + 3. Let v be g(f). Suppose 30 = -o + v*x + 76, 3*o - 5*x - 138 = 0. What is the units digit of o?
6
Let l = -2445 + 6631. What is the thousands digit of l?
4
Let a(o) = o. Let h(r) = -31*r**2 + 7*r - 2. Let n(s) = -a(s) - h(s). Let q be n(3). Suppose -21 = 4*v - q. What is the units digit of v?
9
Let k = -566 - -553. What is the hundreds digit of -7 + k + 6 + 779?
7
What is the hundreds digit of (12252/14)/((-82)/(-1148))?
2
Suppose -4*q + 3*m = -0 - 4, 4*m = 0. Let h be -4 + (-1 - -27 - q). Let k = 11 + h. What is the tens digit of k?
3
Let r(i) = 2*i**3 + 43*i**2 - 2*i + 35. Let y be r(-21). Suppose -5*x = 3*t - y, 2*t = -5*x + 188 + 329. What is the units digit of x?
3
Suppose -z - 5*c + 5725 = 0, -5*z - 11*c + 28715 = -16*c. What is the tens digit of z?
4
Let y(j) = 3*j**2 - 1 - 4*j - 6*j - 4*j**3 + 3 + 6*j. Let i be y(1). Let x(g) = -g**3 + 4*g**2 + 4*g - 2. What is the units digit of x(i)?
9
Let a be (2/5)/(1/(-1660)). Suppose b + 13 = -3*t, -3*b - b + 3*t = 7. What is the units digit of 2/(b/a*4)?
3
Let d = 50 + -26. Suppose 2*v = z - 108, -3*z + z - 44 = v. Let x = d - v. What is the units digit of x?
6
What is the units digit of (-1 - 40/(-32)) + (-92963)/(-4)*1?
1
Suppose 0 = -371*s + 381*s - 415040. What is the ten thousands digit of s?
4
Let j(p) = 5 + 4*p**2 - 8*p + 6 + 5 - 3. Let u be j(-8). Suppose u = 2*q + l + 4*l, -4*l = 12. What is the un